or of 136 and 1.
1
Calculate the highest common factor of 10 and 160.
10
Calculate the highest common factor of 204 and 68.
68
What is the highest common factor of 143 and 55?
11
Calculate the greatest common divisor of 3618 and 134.
134
What is the greatest common divisor of 16 and 64?
16
What is the highest common factor of 65 and 39?
13
Calculate the highest common divisor of 48 and 48.
48
Calculate the greatest common divisor of 20 and 130.
10
Calculate the greatest common divisor of 29807 and 41.
41
Calculate the highest common divisor of 6235 and 2755.
145
What is the greatest common factor of 170 and 4430?
10
Calculate the greatest common divisor of 85 and 629.
17
Calculate the highest common divisor of 234 and 3432.
78
Calculate the greatest common factor of 25284 and 336.
84
What is the greatest common factor of 83 and 4233?
83
What is the greatest common factor of 9 and 2061?
9
Calculate the highest common divisor of 2041 and 13.
13
What is the greatest common divisor of 84 and 147?
21
Calculate the highest common divisor of 15 and 3345.
15
What is the greatest common factor of 441 and 36?
9
Calculate the highest common divisor of 45 and 855.
45
What is the greatest common divisor of 618 and 18334?
206
Calculate the highest common factor of 42 and 154.
14
Calculate the highest common divisor of 4477 and 37.
37
Calculate the greatest common factor of 1210 and 2.
2
Calculate the greatest common divisor of 558 and 19902.
186
Calculate the highest common factor of 2 and 844.
2
Calculate the greatest common factor of 13 and 13273.
13
Calculate the highest common divisor of 25 and 125.
25
Calculate the greatest common factor of 98 and 3920.
98
Calculate the highest common factor of 5280 and 1155.
165
Calculate the greatest common factor of 298 and 745.
149
Calculate the highest common factor of 812 and 7.
7
What is the highest common factor of 344 and 774?
86
Calculate the greatest common factor of 18 and 342.
18
Calculate the greatest common factor of 306 and 34.
34
Calculate the greatest common factor of 17 and 17.
17
What is the highest common divisor of 770 and 210?
70
Calculate the greatest common divisor of 490 and 15876.
98
Calculate the highest common factor of 6603 and 1065.
213
Calculate the highest common divisor of 918 and 34.
34
Calculate the greatest common divisor of 24 and 32.
8
Calculate the greatest common factor of 17 and 47.
1
What is the highest common divisor of 51 and 3111?
51
Calculate the greatest common factor of 134 and 6.
2
Calculate the greatest common divisor of 620 and 20.
20
What is the highest common factor of 260 and 468?
52
Calculate the greatest common divisor of 37 and 2.
1
What is the highest common divisor of 62 and 53258?
62
Calculate the highest common divisor of 126 and 1036.
14
Calculate the greatest common divisor of 72 and 48.
24
What is the greatest common factor of 16 and 80?
16
What is the highest common divisor of 2 and 2?
2
What is the greatest common factor of 95 and 171?
19
Calculate the highest common factor of 79 and 553.
79
Calculate the highest common divisor of 170 and 50.
10
What is the greatest common factor of 348 and 36?
12
Calculate the greatest common divisor of 114 and 304.
38
Calculate the greatest common divisor of 344 and 48.
8
Calculate the highest common factor of 22 and 275.
11
Calculate the highest common divisor of 212 and 265.
53
Calculate the greatest common factor of 220 and 44.
44
Calculate the highest common divisor of 741 and 39.
39
What is the highest common divisor of 33 and 69?
3
What is the highest common divisor of 95 and 5?
5
Calculate the greatest common factor of 69 and 105.
3
Calculate the greatest common divisor of 4 and 356.
4
Calculate the greatest common factor of 1112 and 3197.
139
Calculate the highest common factor of 39 and 104.
13
Calculate the highest common divisor of 100 and 740.
20
What is the greatest common divisor of 4380 and 30?
30
What is the highest common divisor of 5 and 535?
5
What is the greatest common divisor of 120 and 72?
24
Calculate the highest common factor of 380 and 40.
20
Calculate the greatest common divisor of 3349 and 17.
17
What is the highest common divisor of 14 and 28336?
14
What is the highest common divisor of 24 and 6072?
24
Calculate the greatest common divisor of 164 and 369.
41
What is the greatest common divisor of 48572 and 4?
4
What is the greatest common divisor of 1902 and 12?
6
What is the highest common divisor of 72 and 642?
6
What is the highest common divisor of 1515 and 825?
15
What is the highest common factor of 568 and 6?
2
Calculate the highest common factor of 78 and 5.
1
Calculate the highest common divisor of 36 and 18.
18
Calculate the highest common factor of 1635 and 763.
109
Calculate the highest common factor of 390 and 1320.
30
Calculate the highest common divisor of 4 and 3044.
4
What is the greatest common factor of 185 and 2738?
37
What is the highest common divisor of 4 and 17612?
4
What is the highest common factor of 42 and 12180?
42
What is the greatest common divisor of 4 and 32?
4
What is the highest common factor of 8 and 428?
4
What is the highest common divisor of 226 and 10?
2
Calculate the greatest common divisor of 556 and 2919.
139
What is the highest common factor of 3591 and 532?
133
What is the highest common divisor of 119 and 70?
7
What is the highest common factor of 14 and 2?
2
What is the highest common divisor of 556 and 4?
4
Calculate the highest common factor of 102 and 34.
34
What is the greatest common divisor of 341 and 11?
11
What is the greatest common factor of 335 and 15?
5
What is the highest common factor of 80 and 5424?
16
Calculate the highest common divisor of 7300 and 500.
100
Calculate the greatest common divisor of 335 and 25.
5
What is the highest common divisor of 40 and 12330?
10
Calculate the greatest common divisor of 32 and 176.
16
What is the greatest common factor of 22 and 704?
22
What is the greatest common divisor of 115 and 345?
115
Calculate the highest common factor of 6283 and 206.
103
Calculate the greatest common divisor of 115 and 5.
5
Calculate the highest common divisor of 3414 and 12.
6
Calculate the highest common factor of 468 and 676.
52
Calculate the greatest common factor of 228 and 48.
12
Calculate the highest common factor of 22 and 1639.
11
Calculate the greatest common divisor of 255 and 680.
85
Calculate the greatest common factor of 28428 and 46.
46
What is the greatest common divisor of 73 and 3?
1
What is the highest common divisor of 6 and 402?
6
What is the greatest common factor of 16992 and 72?
72
Calculate the greatest common factor of 546 and 56.
14
Calculate the highest common divisor of 425 and 25.
25
What is the highest common divisor of 248 and 112?
8
What is the greatest common divisor of 122 and 5063?
61
What is the greatest common factor of 35 and 245?
35
Calculate the highest common divisor of 3680 and 10.
10
Calculate the greatest common factor of 60 and 70.
10
What is the greatest common factor of 450 and 50?
50
Calculate the highest common divisor of 4 and 172.
4
What is the highest common factor of 46 and 943?
23
What is the greatest common divisor of 98 and 434?
14
What is the highest common factor of 595 and 315?
35
Calculate the highest common divisor of 460 and 1220.
20
Calculate the highest common divisor of 77 and 7.
7
What is the highest common divisor of 1463 and 7?
7
What is the highest common factor of 830 and 310?
10
What is the greatest common divisor of 4 and 34?
2
Calculate the highest common factor of 14 and 6818.
14
Calculate the greatest common factor of 60 and 15885.
15
Calculate the greatest common factor of 16569 and 252.
63
What is the greatest common divisor of 43 and 559?
43
Calculate the highest common factor of 333 and 18.
9
Calculate the greatest common factor of 16753 and 11.
11
What is the highest common factor of 102 and 2346?
102
What is the greatest common divisor of 588 and 36?
12
What is the highest common factor of 45 and 195?
15
What is the highest common divisor of 39 and 3783?
39
What is the greatest common divisor of 5 and 1385?
5
Calculate the highest common factor of 288 and 108.
36
Calculate the highest common divisor of 2047 and 445.
89
What is th